{"id":4713,"date":"2024-08-14T00:43:20","date_gmt":"2024-08-14T00:43:20","guid":{"rendered":"https:\/\/www.matiaspinto.cl\/?page_id=4713"},"modified":"2024-12-31T20:05:51","modified_gmt":"2024-12-31T20:05:51","slug":"chile-fotografico-2024","status":"publish","type":"page","link":"http:\/\/www.matiaspinto.cl\/?page_id=4713","title":{"rendered":"Chile fotografico 2024"},"content":{"rendered":"\n<p>A continuaci\u00f3n, podr\u00e1s apreciar las fotograf\u00edas galardonadas en el Sal\u00f3n Chile Fotografico 2024, en las categor\u00edas de Color Libre y Monocromo Libre. <br><br>&#8211; Segundo Lugar <br>&#8211; Aceptaci\u00f3n<br>&#8211; Menci\u00f3n honrosa  <br><br>Fotograf\u00edas disponibles para la venta de arte fine art.<br><\/p>\n\n\n\n<div class=\"wp-block-jetpack-tiled-gallery aligncenter is-style-rectangular\"><div class=\"tiled-gallery__gallery\"><div class=\"tiled-gallery__row\"><div class=\"tiled-gallery__col\" style=\"flex-basis:15.46369%\"><figure class=\"tiled-gallery__item\"><img srcset=\"https:\/\/i0.wp.com\/www.matiaspinto.cl\/wp-content\/uploads\/2024\/08\/Stella-Araucaria-1-684x1024.jpg?strip=info&#038;w=600&#038;ssl=1 600w,https:\/\/i0.wp.com\/www.matiaspinto.cl\/wp-content\/uploads\/2024\/08\/Stella-Araucaria-1-684x1024.jpg?strip=info&#038;w=721&#038;ssl=1 721w\" alt=\"\" data-height=\"1080\" data-id=\"4714\" data-link=\"https:\/\/www.matiaspinto.cl\/?attachment_id=4714\" data-url=\"https:\/\/www.matiaspinto.cl\/wp-content\/uploads\/2024\/08\/Stella-Araucaria-1-684x1024.jpg\" data-width=\"721\" src=\"https:\/\/i0.wp.com\/www.matiaspinto.cl\/wp-content\/uploads\/2024\/08\/Stella-Araucaria-1-684x1024.jpg?ssl=1\" data-amp-layout=\"responsive\"\/><\/figure><\/div><div class=\"tiled-gallery__col\" style=\"flex-basis:15.46369%\"><figure class=\"tiled-gallery__item\"><img srcset=\"https:\/\/i1.wp.com\/www.matiaspinto.cl\/wp-content\/uploads\/2024\/08\/Atardecer-en-llamas-1-684x1024.jpg?strip=info&#038;w=600&#038;ssl=1 600w,https:\/\/i1.wp.com\/www.matiaspinto.cl\/wp-content\/uploads\/2024\/08\/Atardecer-en-llamas-1-684x1024.jpg?strip=info&#038;w=721&#038;ssl=1 721w\" alt=\"\" data-height=\"1080\" data-id=\"4715\" data-link=\"https:\/\/www.matiaspinto.cl\/?attachment_id=4715\" data-url=\"https:\/\/www.matiaspinto.cl\/wp-content\/uploads\/2024\/08\/Atardecer-en-llamas-1-684x1024.jpg\" data-width=\"721\" src=\"https:\/\/i1.wp.com\/www.matiaspinto.cl\/wp-content\/uploads\/2024\/08\/Atardecer-en-llamas-1-684x1024.jpg?ssl=1\" data-amp-layout=\"responsive\"\/><\/figure><\/div><div class=\"tiled-gallery__col\" style=\"flex-basis:34.54597%\"><figure class=\"tiled-gallery__item\"><img srcset=\"https:\/\/i1.wp.com\/www.matiaspinto.cl\/wp-content\/uploads\/2024\/08\/Amanecer-Pehoe-1-1024x683.jpg?strip=info&#038;w=600&#038;ssl=1 600w,https:\/\/i1.wp.com\/www.matiaspinto.cl\/wp-content\/uploads\/2024\/08\/Amanecer-Pehoe-1-1024x683.jpg?strip=info&#038;w=900&#038;ssl=1 900w,https:\/\/i1.wp.com\/www.matiaspinto.cl\/wp-content\/uploads\/2024\/08\/Amanecer-Pehoe-1-1024x683.jpg?strip=info&#038;w=1200&#038;ssl=1 1200w,https:\/\/i1.wp.com\/www.matiaspinto.cl\/wp-content\/uploads\/2024\/08\/Amanecer-Pehoe-1-1024x683.jpg?strip=info&#038;w=1500&#038;ssl=1 1500w\" alt=\"\" data-height=\"1001\" data-id=\"4716\" data-link=\"https:\/\/www.matiaspinto.cl\/?attachment_id=4716\" data-url=\"https:\/\/www.matiaspinto.cl\/wp-content\/uploads\/2024\/08\/Amanecer-Pehoe-1-1024x683.jpg\" data-width=\"1500\" src=\"https:\/\/i1.wp.com\/www.matiaspinto.cl\/wp-content\/uploads\/2024\/08\/Amanecer-Pehoe-1-1024x683.jpg?ssl=1\" data-amp-layout=\"responsive\"\/><\/figure><\/div><div class=\"tiled-gallery__col\" style=\"flex-basis:34.52665%\"><figure class=\"tiled-gallery__item\"><img srcset=\"https:\/\/i1.wp.com\/www.matiaspinto.cl\/wp-content\/uploads\/2024\/08\/Macizo-Paine-1-1024x684.jpg?strip=info&#038;w=600&#038;ssl=1 600w,https:\/\/i1.wp.com\/www.matiaspinto.cl\/wp-content\/uploads\/2024\/08\/Macizo-Paine-1-1024x684.jpg?strip=info&#038;w=900&#038;ssl=1 900w,https:\/\/i1.wp.com\/www.matiaspinto.cl\/wp-content\/uploads\/2024\/08\/Macizo-Paine-1-1024x684.jpg?strip=info&#038;w=1200&#038;ssl=1 1200w,https:\/\/i1.wp.com\/www.matiaspinto.cl\/wp-content\/uploads\/2024\/08\/Macizo-Paine-1-1024x684.jpg?strip=info&#038;w=1500&#038;ssl=1 1500w,https:\/\/i1.wp.com\/www.matiaspinto.cl\/wp-content\/uploads\/2024\/08\/Macizo-Paine-1-1024x684.jpg?strip=info&#038;w=1800&#038;ssl=1 1800w,https:\/\/i1.wp.com\/www.matiaspinto.cl\/wp-content\/uploads\/2024\/08\/Macizo-Paine-1-1024x684.jpg?strip=info&#038;w=1920&#038;ssl=1 1920w\" alt=\"\" data-height=\"1282\" data-id=\"4717\" data-link=\"https:\/\/www.matiaspinto.cl\/?attachment_id=4717\" data-url=\"https:\/\/www.matiaspinto.cl\/wp-content\/uploads\/2024\/08\/Macizo-Paine-1-1024x684.jpg\" data-width=\"1920\" src=\"https:\/\/i1.wp.com\/www.matiaspinto.cl\/wp-content\/uploads\/2024\/08\/Macizo-Paine-1-1024x684.jpg?ssl=1\" data-amp-layout=\"responsive\"\/><\/figure><\/div><\/div><\/div><\/div>\n\n\n\n<div class=\"wp-block-jetpack-slideshow aligncenter\" data-effect=\"slide\"><div class=\"wp-block-jetpack-slideshow_container swiper-container\"><ul class=\"wp-block-jetpack-slideshow_swiper-wrapper swiper-wrapper\"><li class=\"wp-block-jetpack-slideshow_slide swiper-slide\"><figure><img loading=\"lazy\" width=\"1024\" height=\"791\" alt=\"\" class=\"wp-block-jetpack-slideshow_image wp-image-5176\" data-id=\"5176\" src=\"https:\/\/www.matiaspinto.cl\/wp-content\/uploads\/2024\/12\/Cert-C078-STELLA-ARAUCARIA-ACEPTACIO\u0301N-1024x791.jpg\" srcset=\"http:\/\/www.matiaspinto.cl\/wp-content\/uploads\/2024\/12\/Cert-C078-STELLA-ARAUCARIA-ACEPTACIO\u0301N-1024x791.jpg 1024w, http:\/\/www.matiaspinto.cl\/wp-content\/uploads\/2024\/12\/Cert-C078-STELLA-ARAUCARIA-ACEPTACIO\u0301N-300x232.jpg 300w, http:\/\/www.matiaspinto.cl\/wp-content\/uploads\/2024\/12\/Cert-C078-STELLA-ARAUCARIA-ACEPTACIO\u0301N-768x593.jpg 768w, http:\/\/www.matiaspinto.cl\/wp-content\/uploads\/2024\/12\/Cert-C078-STELLA-ARAUCARIA-ACEPTACIO\u0301N-555x429.jpg 555w, http:\/\/www.matiaspinto.cl\/wp-content\/uploads\/2024\/12\/Cert-C078-STELLA-ARAUCARIA-ACEPTACIO\u0301N.jpg 1200w\" sizes=\"(max-width: 1024px) 100vw, 1024px\" \/><\/figure><\/li><li class=\"wp-block-jetpack-slideshow_slide swiper-slide\"><figure><img loading=\"lazy\" width=\"1024\" height=\"791\" alt=\"\" class=\"wp-block-jetpack-slideshow_image wp-image-5177\" data-id=\"5177\" src=\"https:\/\/www.matiaspinto.cl\/wp-content\/uploads\/2024\/12\/Cert-C172-ATARDECER-EN-LLAMAS-ACEPTACIO\u0301N-1-1024x791.jpg\" srcset=\"http:\/\/www.matiaspinto.cl\/wp-content\/uploads\/2024\/12\/Cert-C172-ATARDECER-EN-LLAMAS-ACEPTACIO\u0301N-1-1024x791.jpg 1024w, http:\/\/www.matiaspinto.cl\/wp-content\/uploads\/2024\/12\/Cert-C172-ATARDECER-EN-LLAMAS-ACEPTACIO\u0301N-1-300x232.jpg 300w, http:\/\/www.matiaspinto.cl\/wp-content\/uploads\/2024\/12\/Cert-C172-ATARDECER-EN-LLAMAS-ACEPTACIO\u0301N-1-768x593.jpg 768w, http:\/\/www.matiaspinto.cl\/wp-content\/uploads\/2024\/12\/Cert-C172-ATARDECER-EN-LLAMAS-ACEPTACIO\u0301N-1-555x429.jpg 555w, http:\/\/www.matiaspinto.cl\/wp-content\/uploads\/2024\/12\/Cert-C172-ATARDECER-EN-LLAMAS-ACEPTACIO\u0301N-1.jpg 1200w\" sizes=\"(max-width: 1024px) 100vw, 1024px\" \/><\/figure><\/li><li class=\"wp-block-jetpack-slideshow_slide swiper-slide\"><figure><img loading=\"lazy\" width=\"1024\" height=\"791\" alt=\"\" class=\"wp-block-jetpack-slideshow_image wp-image-5178\" data-id=\"5178\" src=\"https:\/\/www.matiaspinto.cl\/wp-content\/uploads\/2024\/12\/Cert-C340-AMANECER-PEHO\u0301E-SEGUNDO-LUGAR-1024x791.jpg\" srcset=\"http:\/\/www.matiaspinto.cl\/wp-content\/uploads\/2024\/12\/Cert-C340-AMANECER-PEHO\u0301E-SEGUNDO-LUGAR-1024x791.jpg 1024w, http:\/\/www.matiaspinto.cl\/wp-content\/uploads\/2024\/12\/Cert-C340-AMANECER-PEHO\u0301E-SEGUNDO-LUGAR-300x232.jpg 300w, http:\/\/www.matiaspinto.cl\/wp-content\/uploads\/2024\/12\/Cert-C340-AMANECER-PEHO\u0301E-SEGUNDO-LUGAR-768x593.jpg 768w, http:\/\/www.matiaspinto.cl\/wp-content\/uploads\/2024\/12\/Cert-C340-AMANECER-PEHO\u0301E-SEGUNDO-LUGAR-555x429.jpg 555w, http:\/\/www.matiaspinto.cl\/wp-content\/uploads\/2024\/12\/Cert-C340-AMANECER-PEHO\u0301E-SEGUNDO-LUGAR.jpg 1200w\" sizes=\"(max-width: 1024px) 100vw, 1024px\" \/><\/figure><\/li><li class=\"wp-block-jetpack-slideshow_slide swiper-slide\"><figure><img loading=\"lazy\" width=\"1024\" height=\"791\" alt=\"\" class=\"wp-block-jetpack-slideshow_image wp-image-5180\" data-id=\"5180\" src=\"https:\/\/www.matiaspinto.cl\/wp-content\/uploads\/2024\/12\/Cert-M154-MACIZO-PAINE-ACEPTACIO\u0301N-1024x791.jpg\" srcset=\"http:\/\/www.matiaspinto.cl\/wp-content\/uploads\/2024\/12\/Cert-M154-MACIZO-PAINE-ACEPTACIO\u0301N-1024x791.jpg 1024w, http:\/\/www.matiaspinto.cl\/wp-content\/uploads\/2024\/12\/Cert-M154-MACIZO-PAINE-ACEPTACIO\u0301N-300x232.jpg 300w, http:\/\/www.matiaspinto.cl\/wp-content\/uploads\/2024\/12\/Cert-M154-MACIZO-PAINE-ACEPTACIO\u0301N-768x593.jpg 768w, http:\/\/www.matiaspinto.cl\/wp-content\/uploads\/2024\/12\/Cert-M154-MACIZO-PAINE-ACEPTACIO\u0301N-555x429.jpg 555w, http:\/\/www.matiaspinto.cl\/wp-content\/uploads\/2024\/12\/Cert-M154-MACIZO-PAINE-ACEPTACIO\u0301N.jpg 1200w\" sizes=\"(max-width: 1024px) 100vw, 1024px\" \/><\/figure><\/li><\/ul><a class=\"wp-block-jetpack-slideshow_button-prev swiper-button-prev swiper-button-white\" role=\"button\"><\/a><a class=\"wp-block-jetpack-slideshow_button-next swiper-button-next swiper-button-white\" role=\"button\"><\/a><a aria-label=\"Pause Slideshow\" class=\"wp-block-jetpack-slideshow_button-pause\" role=\"button\"><\/a><div class=\"wp-block-jetpack-slideshow_pagination swiper-pagination swiper-pagination-white\"><\/div><\/div><\/div>\n","protected":false},"excerpt":{"rendered":"<p>A continuaci\u00f3n, podr\u00e1s apreciar las fotograf\u00edas galardonadas en el Sal\u00f3n Chile Fotografico 2024, en las categor\u00edas de Color Libre y Monocromo Libre. &#8211; Segundo Lugar &#8211; Aceptaci\u00f3n&#8211; Menci\u00f3n honrosa Fotograf\u00edas disponibles para la venta de arte fine art.<\/p>\n","protected":false},"author":2,"featured_media":0,"parent":0,"menu_order":0,"comment_status":"closed","ping_status":"closed","template":"","meta":[],"_links":{"self":[{"href":"http:\/\/www.matiaspinto.cl\/index.php?rest_route=\/wp\/v2\/pages\/4713"}],"collection":[{"href":"http:\/\/www.matiaspinto.cl\/index.php?rest_route=\/wp\/v2\/pages"}],"about":[{"href":"http:\/\/www.matiaspinto.cl\/index.php?rest_route=\/wp\/v2\/types\/page"}],"author":[{"embeddable":true,"href":"http:\/\/www.matiaspinto.cl\/index.php?rest_route=\/wp\/v2\/users\/2"}],"replies":[{"embeddable":true,"href":"http:\/\/www.matiaspinto.cl\/index.php?rest_route=%2Fwp%2Fv2%2Fcomments&post=4713"}],"version-history":[{"count":4,"href":"http:\/\/www.matiaspinto.cl\/index.php?rest_route=\/wp\/v2\/pages\/4713\/revisions"}],"predecessor-version":[{"id":5181,"href":"http:\/\/www.matiaspinto.cl\/index.php?rest_route=\/wp\/v2\/pages\/4713\/revisions\/5181"}],"wp:attachment":[{"href":"http:\/\/www.matiaspinto.cl\/index.php?rest_route=%2Fwp%2Fv2%2Fmedia&parent=4713"}],"curies":[{"name":"wp","href":"https:\/\/api.w.org\/{rel}","templated":true}]}}